common factor of 81 and r.
9
Let i = 7 - 5. Suppose 0 = 4*r - 5*w - 65, -r = -i*r + 2*w + 17. Suppose 15*t - 2718 + 243 = 0. What is the greatest common divisor of t and r?
15
Let y(n) = 11*n**2 - 6*n - 52. Let c be y(-8). Calculate the highest common divisor of c and 28.
28
Let v = 95 - -45. Let i = 106 + -2. Suppose 4*m - 120 - i = 0. What is the highest common divisor of v and m?
28
Suppose -3*t + 80 = 5*y, t + 4*y - 2*y = 25. Let d be (21/6)/((-3)/(-6)). Calculate the greatest common factor of d and t.
7
Let l(y) = -71*y - 156. Let f be l(-7). What is the greatest common factor of f and 11?
11
Let g = 75 - 30. Let w(m) = -m**3 + 6*m**2 + 5*m + 4*m**2 + 3 - 7 - 13*m. Let r be w(9). Calculate the highest common divisor of r and g.
5
Let i be (1/(-2))/(39/(-1170)). Suppose -6*o + i = -33. Suppose -2*h = 5*t - 171, -3*h = -4*t + t - 267. What is the highest common factor of h and o?
8
Let q be 2*(53 - (-1 + 2)). Let o(b) = -18*b - 23. Let f be o(-2). What is the highest common divisor of f and q?
13
Suppose w - 1148 = -46. Calculate the greatest common factor of w and 19.
19
Let y(u) = -u**3 + 11*u**2 - u + 25. Let c be y(11). Let o = 175 + -168. What is the highest common divisor of c and o?
7
Let t(x) = 4*x - 14. Let d be t(5). Let o = 8 - d. Suppose 4*w + 202 = 2*z, 204 = 2*z - w - o*w. Calculate the highest common divisor of 42 and z.
21
Suppose 3*y - z - 8 = 6, -17 = -4*y + 3*z. Suppose -y*u + 404 + 76 = 0. Let g = -10 + 34. Calculate the highest common factor of u and g.
24
Suppose 20*g + 9180 = 105*g. Calculate the highest common divisor of 144 and g.
36
Let s(b) = b**2 + 10*b - 8. Let m be s(-12). Suppose -23*k = -21*k - m. Calculate the highest common divisor of 88 and k.
8
Suppose -3*g - 2*r + 95 = 0, 4*g + r + r - 126 = 0. Let t = -935 + 966. Calculate the highest common divisor of t and g.
31
Let h be ((-56)/(-12))/((-2)/(-39)) - -4. Let u = 22 - 3. What is the greatest common divisor of h and u?
19
Suppose -3*r + r = -4. Suppose r*p = -2*p + 4*b - 452, -125 = p - 4*b. Let z = 211 + p. Calculate the highest common divisor of z and 17.
17
Suppose 3*g = -2*f + 4*f + 2224, 0 = g + 3*f - 723. Calculate the highest common divisor of g and 164.
82
Let x(a) = -a**3 + a + 5. Let b be x(0). Suppose 3 = 6*g - 21. Suppose -p = h + g*p + 10, 0 = 4*h - 4*p - 80. Calculate the greatest common divisor of b and h.
5
Suppose 162 = q + 2*r - 3*r, 3*q - 4*r - 483 = 0. Calculate the greatest common divisor of q and 30.
15
Let y be (-7310)/(-6) + (-3)/9. Suppose y = 4*t + 2*t. What is the greatest common factor of 29 and t?
29
Let t(k) = -k + 10. Let l be t(13). Let m(v) = -24*v - 7. Let w be m(l). Let c(y) = -2*y + 3. Let f be c(-5). What is the greatest common divisor of f and w?
13
Let n(p) = -2*p**3 - 9*p**2 - 34*p. Let j be n(-3). Calculate the highest common factor of 80 and j.
5
Let d(v) = -17*v + 3. Let r be d(-5). Let l = 237 - 226. What is the greatest common divisor of r and l?
11
Suppose 6*q - 8*q + 12 = 0. Suppose -q = 3*v - 5*v. Suppose v*g - 176 = 5*k, 3*g + 0*g + k = 152. What is the highest common divisor of 13 and g?
13
Let q be (-15)/(-7 + 80/15). What is the highest common factor of q and 729?
9
Suppose 3*r - 1111 = 563. Calculate the highest common factor of r and 31.
31
Let o = 489 + -325. What is the highest common factor of 8 and o?
4
Let s be 23/2 - (-5)/10. Suppose 0 = -3*b + 595 + 701. Suppose 4*x - b = -0*x. Calculate the greatest common factor of x and s.
12
Let g = -2857 - -2916. Calculate the greatest common factor of 7 and g.
1
Suppose -28*v = 27*v - 660. What is the highest common divisor of v and 18?
6
Let q(y) = -y**3 + 3*y**2 - 3 + y**3 - y**3 - 2*y + 2*y**2. Let w be 5 + -3 - (-2 + 1). Let o be q(w). Calculate the highest common factor of 81 and o.
9
Suppose 792 = -17*g + 3427. Calculate the highest common divisor of g and 341.
31
Suppose 2*r - 290 = -5*x, 3*r - 73*x = -74*x + 409. What is the greatest common divisor of r and 54?
27
Let g be (-23)/(-2)*(-8)/(-4). Suppose -g = -3*m + 4. What is the highest common factor of 72 and m?
9
Let d(n) = -7*n**2 + n + 60. Let k be d(0). What is the greatest common factor of k and 15?
15
Let f be 1 + 9/(-15) - (-166)/10. What is the highest common factor of f and 17?
17
Suppose -5*w = -5*d - 2170, -3*w + 1317 = -2*d + 4*d. What is the greatest common factor of w and 23?
23
Let y = 43 + -13. Let p(a) = a**2 - 7*a + 3. Let q be p(7). Suppose z + 1 = x + 8, -q*x + 51 = 3*z. Calculate the highest common factor of z and y.
6
Let u be (-3 + -2)/((-7)/7). Suppose 0 = -2*m + s + u, -s - 5 = -2*s. Suppose 0 = -r - 3, 5*r + m = -4*a + 3*a. What is the highest common factor of 70 and a?
10
Suppose 0 = -2*z - 2*z + 96. What is the greatest common factor of 36 and z?
12
Let m be -2*1*(-51)/(51/70). Calculate the greatest common divisor of m and 266.
14
Let u = -70 + 72. Suppose -3*g - g = -56. Suppose g - u = h. Calculate the greatest common factor of h and 48.
12
Let g be -9 + (5 - 2 - (0 + 2)). Let b be (g - 2)/(14/(-21) + 0). What is the greatest common factor of b and 15?
15
Suppose -3*u - 2*w - 22 = -61, -51 = -4*u - 3*w. Let d = -125 - -290. What is the highest common factor of d and u?
15
Let x(j) = j - 6. Let l be x(9). Suppose 4*f = -u + 55, 6*u - l*u = f - 17. What is the highest common divisor of 2 and f?
2
Let x(l) = -l - 14. Let k be x(-8). Let q = k - -7. Let s = 29 + -18. What is the highest common factor of q and s?
1
Let h(u) = 4*u**2. Let l be h(1). Let j be ((-1152)/45)/8*(-5 + 0). Calculate the greatest common divisor of j and l.
4
Let d(b) = -3*b**2 + 35*b + 14. Let j be d(12). Suppose 23 = 2*o + v, -v + 21 + 22 = 4*o. Calculate the greatest common divisor of j and o.
2
Let b be (5313/14)/(-1 + (-6)/(-4)). Calculate the highest common divisor of 66 and b.
33
Let u be 2/(-12)*2*-6. Suppose -5*n + n - 112 = -u*j, j + 3*n = 51. Suppose 831*f - 838*f = -126. Calculate the greatest common factor of j and f.
18
Let n be (-4)/(-18) - 48/(-27). Suppose -3 = -3*h - 3. Suppose h = 2*k - 2 - 42. Calculate the highest common factor of n and k.
2
Suppose k = 0, -5*k + k - 1722 = -3*v. Let a = v + -376. Calculate the highest common divisor of a and 22.
22
Let r = -37 - -41. Let g(k) = -k**3 + 5*k**2 - 3*k - 1. Let d be g(r). Calculate the highest common factor of 33 and d.
3
Suppose 0 = 2*v + 1 + 1. Let t = 11 + v. Calculate the greatest common divisor of 50 and t.
10
Let b be ((-131)/(-2) - 0) + (-3)/6. What is the greatest common divisor of b and 2080?
65
Let a be ((-8)/(-14))/((-8)/(-28)). Suppose a*x - 30 = -3*x. Let y be (-3)/(-3)*4/1. What is the highest common factor of x and y?
2
Let l(f) = 90*f**2 + 3*f - 3. Suppose 9*c - 4*c = 10. Suppose n - c = -0*n + 5*g, g = 0. Let m be l(n). Calculate the greatest common factor of m and 33.
33
Suppose 2*i + 2*q - 4*q = 6, -5*q = -4*i + 10. Suppose -24 = 3*d - i*d. What is the greatest common factor of d and 30?
6
Suppose 82*n - 484 - 1320 = 0. Calculate the highest common divisor of n and 99.
11
Suppose -2*n + 845 = -5*y, -2*y + 42 = -n + 465. What is the greatest common factor of 25 and n?
25
Let h be (-4)/(-2) + 70/10. Suppose h + 103 = 4*c. What is the highest common factor of 14 and c?
14
Let h(j) = 4*j**2 - 7*j - 13. Let n be h(-2). Let f(y) = 8*y**2 + 2. Let t be f(-2). Calculate the highest common divisor of n and t.
17
Let r be (1 + 92/(-20) + 2)*-5. Suppose r*a - 2*a - 672 = 0. What is the highest common factor of a and 16?
16
Suppose 2*t = z + 11, 0*t + 2 = -t. Let k be (36/z + 3)*30. Calculate the highest common divisor of k and 126.
18
Let p(c) = 100*c**2 + 77*c + 1. Let t be p(-3). Calculate the greatest common factor of 10 and t.
10
Let u(z) = 2*z**2 - 15*z + 22. Suppose 0 = 2*m + 25 - 43. Let x be u(m). Calculate the highest common divisor of x and 196.
49
Let y(t) = -t**3 - 3*t - 16. Let o be y(-3). What is the highest common factor of 790 and o?
10
Let y(c) = -5*c - 12. Let p be y(-8). What is the greatest common factor of p and 112?
28
Suppose 0 = 7*t - 6*t - 3. Suppose 0 = -2*q + 5*x + 19, -t*q - 2*x + 107 = 31. What is the greatest common factor of q and 198?
22
Suppose 3*a + 5 = 2*b + 26, 2*b - 14 = -4*a. Calculate the highest common factor of a and 245.
5
Suppose -3*m - 1 = 3*d + 29, 16 = -4*d. Let n be 14/(